s) = -2*s**2 + 1 + 0*s - 2*s + 3*s**z. Determine l(p).
0
Suppose -2*u = u + 6. Let f(r) = -r**3 + r**2 + 2*r + 2. What is f(u)?
10
Let a(t) be the second derivative of -5*t - 1/20*t**5 + 0 + 0*t**2 + 0*t**3 + 1/3*t**4. Calculate a(3).
9
Let n(h) = -9*h**3 + 2*h**2 + h. Let y = -13 + 12. Give n(y).
10
Let r(a) be the third derivative of -a**6/120 + a**5/15 + a**4/12 - 2*a**3/3 + a**2. Suppose -28 = -s - 6*s. What is r(s)?
4
Let w(k) be the third derivative of -k**5/60 - k**4/4 + k**3/6 - 3*k**2. Determine w(-7).
-6
Let f(u) = 5 + u - 4*u - 6*u. Let l(j) = 4*j - 2. Let y(t) = -t + 1. Let r(m) = -l(m) + y(m). Let q(b) = -3*f(b) + 5*r(b). What is q(2)?
4
Let j(l) be the first derivative of l**3/3 + 5*l**2/2 + 3*l + 10. Give j(-4).
-1
Let u(x) = x**2 + 9*x + 12. Let w be u(-6). Let o(f) = f**2 + 7*f - 2. Calculate o(w).
-8
Let i(b) = -b. Let c be i(4). Let o(q) = -q - 1. Let h be o(c). Let k = 6 - h. Let a(y) = y + 2. What is a(k)?
5
Let z(n) = 0 - 1 - 23*n + 28*n. Determine z(1).
4
Suppose 4*i - 24 = 8*i. Let q(o) = -o**3 - 7*o**2 - 6*o + 3. Calculate q(i).
3
Let j(b) = -b + 1. Let i be j(-2). Suppose i*n + 0 - 2 = 2*a, 2*n - 5*a + 17 = 0. Let x(z) = -z**3 + 4*z**2 - 2*z + 3. Give x(n).
-5
Let a(d) = d**3 - 3*d**2 - 2*d - 4. Let m be a(4). Let r(x) = -x. Let u(s) = s**3 - 5*s**2 - s + 5. Let y(p) = -r(p) + u(p). Determine y(m).
-11
Suppose 4*o = 66 - 78. Let i(s) = s**2 + 3*s. What is i(o)?
0
Let j(v) = -v + 11. Let l be j(7). Let b(x) = -x**2 + 6*x - 1. Calculate b(l).
7
Suppose 3*b - 5*h = -10*h + 24, -2*b - 9 = -5*h. Let y(v) = -2*v - 3*v**2 - 4*v**2 + v**3 + b*v**2 + 3*v**2 - 1. What is y(2)?
-1
Let q(a) = -a**2 + 5*a - 1. Let s(p) = p**3 - 5*p**2 + 2*p. Let d be s(5). Suppose 3*r + 2*r - d = 0. Let v be q(r). Let b(g) = -g + 6. Calculate b(v).
1
Let j(x) = -2*x - 3. Let h(g) = 1. Let f(m) = -6*h(m) - j(m). Give f(3).
3
Suppose -3*y = -y + 2, y = u. Let n be (5/4)/(u/4). Let c(m) = -m**2 - 6*m - 6. Give c(n).
-1
Let v(f) = 0*f + 4 - 2*f + 8*f**2 + 0*f. Let r(q) = -9*q**2 + 2*q - 5. Suppose -5*b + 4*h = -22, -h - 4 = -b - 0. Let o(i) = b*v(i) + 5*r(i). Calculate o(2).
7
Let o(d) = d + 1. Let f(g) = 5*g + 2. Let z(r) = -f(r) + 6*o(r). Let u = -21 + -1. Let b = -25 - u. Determine z(b).
1
Let h(l) = -l**3 + l**2 - l + 1. Let t(p) = -7*p**3 + 6*p**2 - 6*p + 5. Let c(q) = 6*h(q) - t(q). What is c(-1)?
0
Let w(y) be the second derivative of -y**3/6 - 11*y**2/2 - 5*y. Determine w(-5).
-6
Let v(u) be the third derivative of -u**5/60 - u**4/3 + u**3 + 5*u**2. What is v(-9)?
-3
Let o be 3/(6/20)*4. Suppose -n = 2*n + 6, -3*z = -2*n - o. Suppose -5*i + 2*i = -z. Let v(p) = p**3 - 2*p**2 - 7*p + 5. Calculate v(i).
9
Let f(a) = 3*a**2 + a - 1. Let b be f(2). Suppose -5 = 4*v - b. Let j(q) = 0*q - q**2 + 3*q**3 + 4*q**v + 1 - 2*q - 4*q**3. Calculate j(2).
1
Suppose 4*a + 2*s = 10, a - 4*s = -s - 15. Let p(f) = f - 4. Give p(a).
-4
Let i = 5 - 3. Let b(k) = k**3 - 4*k - k**2 + k**2 + 5 - 3*k**i - 3. Calculate b(4).
2
Let w be 42/(-4)*(-6)/9. Let n(m) = -w + m + 3 - 3. Give n(-5).
-12
Let l = 6 - 3. Suppose m - 7 = -l. Let a = m + -4. Let c(v) = -v**3 - v**2 - v - 3. Calculate c(a).
-3
Let f(k) be the second derivative of -k**6/360 - k**5/120 + k**3/2 + 5*k. Let v(j) be the second derivative of f(j). Calculate v(-3).
-6
Suppose -i = -w - 3, 2*i + i = -2*w - 21. Let v(s) = -s**3 - 5*s**2 + 6*s - 4. Determine v(w).
-4
Let o(n) = -3*n. Suppose 2*a + 1 + 3 = 0. Let m be o(a). Suppose 2*l = -5*x - 1 + m, 4*x - 32 = 4*l. Let t(d) = -d + 2. Determine t(x).
-1
Suppose -49 = 3*v - 58. Let m(t) be the second derivative of 0 - 1/2*t**3 + v*t + t**2 + 1/4*t**4. Calculate m(2).
8
Let z(p) = -5*p - 10*p + 11 + 3*p - p. Let j(q) = -20*q + 17. Let l(v) = 5*j(v) - 8*z(v). Determine l(2).
5
Let f(k) = k - 1. Suppose 0 = -0*s + s - 3. Let w be (3/s)/((-1)/(-2)). Suppose 3*u + w*j - 11 = 0, -5*u + 9 = 2*j - 8. Calculate f(u).
2
Let s(j) = 2 + 2*j - j - 3. Determine s(-5).
-6
Let l be 12/45 + (-4)/(-10). Let u(s) be the third derivative of -l*s**3 - 2*s**2 + 0*s - 1/12*s**4 + 0. Determine u(-3).
2
Let q(u) = 1 - 5*u - 3*u**2 + 2*u**2 - 3*u + u. Calculate q(-7).
1
Let z(g) = 3*g**3 + 29*g**2 - 10*g - 4. Let u be z(-10). Let t(s) = -1 - 3*s - s + 2*s. Calculate t(u).
7
Let w(h) = -7*h**3 - 2*h**2 + 5*h + 3. Let g(d) = -8*d**3 - 3*d**2 + 6*d + 3. Let z(v) = 6*g(v) - 7*w(v). What is z(4)?
1
Let b be 1 + 2 + 0/(-1). Let g(u) = 3 - 1 + 7 - b*u + u. What is g(6)?
-3
Let n(j) = 2*j + 6 + j**3 - 5*j**2 - 2*j. Let t(o) = -o**3 + 2*o**2 + 2*o + 1. Let p be t(2). Calculate n(p).
6
Let u(t) = -t**3 - 6*t**2 - 6*t - 5. Let w(c) = 4*c**2 + 2*c - 1. Let a be w(1). Suppose -13 = -a*s + b - 3, -2*b = 0. Let v be 162/(-30) + s/5. Determine u(v).
0
Let w be 16/40 + 626/10. Let j be (1/(-3))/(7/w). Let u(b) = -3*b - 3. Determine u(j).
6
Suppose 2*g + 3*g = 0. Let s(f) be the third derivative of -f**6/120 - f**3 + 16*f**2. What is s(g)?
-6
Suppose 0 = w - 5 + 3. Suppose -14 = -5*o + 6. Let k(u) = -2*u**3 - 2*u + u**3 + o*u. Give k(w).
-4
Let x(t) = -t**3 + 4*t**2 + 5*t - 1. Suppose 4*o - 2*o = -4. Let u(y) = y**2 - y - 1. Let a be u(o). Let b be x(a). Let f(g) = 5*g**2 + 2*g + 1. What is f(b)?
4
Suppose 5*w + 3*a = 4 + 4, 8 = 4*w + 4*a. Let i(t) = t**2 - t. Determine i(w).
0
Let q = 5 - 6. Let f be -1*(1/1)/q. Let i(z) = 2 - f + 0 - 2 + z. Determine i(-5).
-6
Let d be 7/(-70) - -3*(-1)/(-5). Let i(j) be the second derivative of -1/6*j**3 + 0 - d*j**2 + 3*j. Calculate i(-1).
0
Let b(d) = d**2 + 2. Let o(c) = c**2 - c + 1. Let u be o(1). Suppose 4*r = -j - u, 6 - 20 = -4*j + 2*r. What is b(j)?
11
Let f(n) = -n**2 + 7*n - 5. Let p be (-1 + -9)*1/(-2). Give f(p).
5
Let q = -7 - -5. Let c(m) = -6*m + 3. Let l(d) = -6*d + 2. Let f(a) = 2*c(a) - 3*l(a). Give f(q).
-12
Let v(c) = -c**3 + 6*c**2 + 9*c - 9. Let u(h) = -h**3 + 13*h**2 + 14*h + 7. Let p be u(14). Give v(p).
5
Let u(d) = d**2 + 3*d + 2. Suppose -6 = -f - f. Suppose 0 = 2*g + f*c + 12, 3*c = -3*g - 9 - 3. Suppose -2*k - 4 = -g*k. Calculate u(k).
0
Suppose 0 = 2*k + 2*l, -4*k - l + 15 = -2*l. Let c(d) = 4*d**2 + 11 + 4*d**2 - 4 - 2*d - 2*d**2 - d**k. Give c(6).
-5
Let h(m) = -m**2 + 15. Let y = 2 - -4. Suppose 0 = -9*t + y*t. Give h(t).
15
Let j(h) = -h**3 - 6*h**2 - 6*h - 1. Let a be (-2 - 16/(-6))/((-7)/42). Give j(a).
-9
Let g(o) = -4*o**2 - o - 1. Let b = -16 - -22. Let c = -7 + b. Let j be (2 - 2/2)*c. Give g(j).
-4
Let s(a) = a**3 + 10*a**2 + 8*a + 11. Let b be s(-9). Suppose g + b = 6*g. Let k(w) be the second derivative of -w**3/6 + 3*w**2 - w. Give k(g).
2
Let f = 11 + -14. Let w be 1/((0 - f)/9). Let c(j) = -j**2 + j + 2. What is c(w)?
-4
Suppose 8 = -l - 4*x, 0 = -4*l + l - 4*x. Let o(c) = c**2 + c - l + 4*c**2 + c**3 + 11. Determine o(-5).
2
Let y(u) be the first derivative of u**5/60 - 5*u**4/24 + u**2 - 3. Let k(z) be the second derivative of y(z). What is k(6)?
6
Let b = -8 + 3. Let f(m) be the first derivative of m**4/12 + 5*m**3/6 + m**2 + 7*m + 6. Let r(p) be the first derivative of f(p). Determine r(b).
2
Let h(y) = -y**3 + 3*y**2 - 1 + 0*y**3 + 8*y + 3*y**2. Calculate h(7).
6
Let k(b) = -b**3 - 5*b**2 - 6. Let w be 1520/(-247) + (-4)/(-26). What is k(w)?
30
Let k(p) = p**3 + 7*p**2 - p - 2. Let m be k(-7). Suppose 0 = -m*o + 3*h + 30, -3*h = 2*o - 2*h - 1. Let x(j) = j**2 - 1. Calculate x(o).
8
Let w(n) = -15*n - 1. Let h = -1 + 0. What is w(h)?
14
Suppose 7 = 5*s - 13. Let l(t) be the second derivative of -t**5/20 + 5*t**4/12 - t**3/6 - 5*t**2/2 - 4*t. Determine l(s).
7
Let k = 11 + -5. Let q(d) = 14*d**2 + 2*d - 1. Let r be q(1). Suppose -3*s + k = 5*i, -r = i + 5*s - 3. Let z(b) = b**3 - 4*b**2 + 3*b + 4. Calculate z(i).
4
Let m(x) be the second derivative of x**7/360 + x**5/120 - x**4/12 - x. Let v(z) be the third derivative of m(z). What is v(1)?
8
Let r = 17 - 15. Let t(b) = -b**2 - 2*b - r - 5*b - 1. Determine t(-6).
3
Let t be (50/15)/((-3)/(-18)). Suppose -5*l = 2*j - 3*j + t, -4*j = 2*l - 14. Let h(v) = 2*v + 1. What is h(j)?
11
Let k(g) = g + 2 - 2*g - g + 0*g. Calculate k(2).
-2
Suppose -14 = -2*w - 3*w - 2*o, -5*o - 23 = -2*w. Let r(b) = w*b - 3*b + 3 - 9. Suppose -2*f = 3*f - 25. Calculate r(f).
-1
Let a(x) = 0*x**3 + 80*x + 3*x**2 + 3*x**3 - 2 - 78*x - x**3. Calculate a(-2).
-10
Let c = 13 - 7. Suppose -3*y + c